a = 89 + m. What is the highest common factor of a and 21?
7
Let y = 26 - 6. Let t = y - 17. Suppose -45 = -3*z - t*w, 0*z - 3*w = 2*z - 35. Calculate the highest common divisor of z and 50.
10
Let l = -52 + 63. Let j(n) = -2*n**3 + 6*n**2 + 7*n + 4. Let o be j(6). Let b = 269 + o. What is the greatest common factor of b and l?
11
Let y(w) = -w**2 - 13*w - 1. Let a be y(-13). Let f(c) = -99*c. Let p be f(a). What is the greatest common divisor of 11 and p?
11
Let j be (-11)/(495/27) + 1044/15. Calculate the greatest common factor of j and 15.
3
Suppose -95*f + 1088 = -61*f. What is the greatest common factor of f and 160?
32
Suppose -122 + 383 = 29*y. Calculate the highest common factor of y and 93.
3
Let g = -25 + 25. Suppose g = -11*b + 4*b + 539. Calculate the highest common divisor of 11 and b.
11
Let t(m) = 2*m**3 + 4*m**2 - 7. Let y be t(-3). Let v be -1*y/15*3. What is the greatest common divisor of v and 10?
5
Let f be (468 - 6) + -3 - -1. Calculate the greatest common divisor of 20 and f.
20
Let x = -5 - -13. Suppose 0 = -4*w + 209 + 143. What is the highest common factor of x and w?
8
Suppose -13 = o - 3*d, -3*d = 3*o + d - 26. Suppose 4*a = -2*z + 44, -3*a + 15 = 3. Let m be 4/z + (-19)/(-7). Calculate the greatest common divisor of m and o.
1
Let y(b) = -b**3 + 10*b**2 - 13*b + 40. Let k be y(9). Suppose -k*z = 2*g - 76, 2*z = -2*z - g + 74. What is the highest common divisor of z and 2?
2
Suppose 2*t = d + 43, 13 = 3*t - 4*d - 44. Let z(f) = -23 + t - 3*f. Let u be z(-7). What is the highest common divisor of 168 and u?
21
Let w(n) = 14*n - 43. Let p be w(4). What is the highest common factor of 52 and p?
13
Let i = 2995 + -2706. Calculate the highest common divisor of 187 and i.
17
Let m be 3/(-6)*40/(-5). Let h be 2/m*-2 + 25. Calculate the highest common factor of 3 and h.
3
Let i(m) = 9*m**2 + m + 1. Let o be i(-2). Calculate the highest common factor of 7 and o.
7
Suppose -4*y = -30 - 38. Let b = 22 - y. Suppose -152 = -b*g + 18. What is the greatest common divisor of 85 and g?
17
Let s = 248 - 172. Suppose -36*b - 76 = -40*b. Calculate the greatest common factor of b and s.
19
Let v(f) = 0*f**2 + 32*f - 11 - f**2 - 22*f. Let l be v(8). What is the highest common factor of l and 25?
5
Suppose y = -5*g + 14, -4*y + 9*y - 43 = 2*g. Suppose 5*r + 25 = 0, 4*l + 3*r = 4*r + 41. Calculate the highest common divisor of l and y.
9
Let f be (3/(-3) + 3)/(-4 - -3). Let s be -13 + 15 - 156/f. Calculate the highest common divisor of 32 and s.
16
Suppose 2 - 162 = -10*f. Let w = f - -2. Let z be -1 - (4/(-2) + -5). Calculate the greatest common divisor of z and w.
6
Suppose 4*x - 164 + 444 = 0. Let y = 121 + x. What is the highest common divisor of 34 and y?
17
Suppose -7*d = 5*d - 576. Let r = d - 44. What is the highest common divisor of r and 44?
4
Suppose -2*k - 3*b = -12, 5*k + 2 = 2*b - 6. Suppose 2*n - n + 4 = -4*v, k = -2*v + 2. Let o be n/6*126/(-12). What is the greatest common factor of 70 and o?
14
Let h(k) = -11*k**3 - 2*k**2 + 1. Let r = 8 - 9. Let q be h(r). Let d be 58/5 + q/25. Calculate the highest common divisor of d and 8.
4
Let h(m) = m**2 + m + 14. Let r be h(-7). Calculate the highest common divisor of r and 8.
8
Let y(i) = 90*i**2 - i - 1. Suppose 4*p = -36 + 32. Let v be y(p). What is the greatest common divisor of v and 60?
30
Let m = 221 - 67. What is the greatest common divisor of 252 and m?
14
Let q(j) = j**2 + 7*j - 9. Let x be q(-9). Let k be (0*3/x)/(-2) + 8. What is the greatest common divisor of k and 20?
4
Let c(n) = -n**3 + 15*n**2 + 16*n + 70. Let y be c(16). Let g be 164/9 + 6/(-27). Let d be 498/g + (-1)/(-3). Calculate the greatest common divisor of y and d.
14
Suppose -5*k + 23 = 3*i, 5*k + 18 + 47 = 5*i. What is the greatest common factor of 187 and i?
11
Let q(u) = -u**2 - 10*u - 8. Let g be q(-8). Suppose -3 = -5*a - g. Let x be 3 - a/(2 + -1). Calculate the greatest common divisor of x and 1.
1
Let a(t) = 28*t + 30. Let h be a(-1). Calculate the highest common factor of 11 and h.
1
Suppose 0 = 7*p - 36*p + 580. Calculate the greatest common divisor of 170 and p.
10
Let n be (10/(-35))/((-2)/14). Suppose -b + 5 = n. Calculate the highest common factor of b and 1.
1
Let y = -6 + 24. Suppose 3*p - 26 - 7 = -2*b, b = 5*p - 3. Calculate the greatest common divisor of b and y.
6
Suppose 5*k = 7*k - 20. Let x = 1031 - 1021. What is the highest common divisor of k and x?
10
Suppose -26*k + 295 + 303 = 0. Let u(j) = 9*j**2 + 5*j + 3. Let n be u(5). Calculate the greatest common divisor of n and k.
23
Let m be -4 - (-21)/(-1)*(19 + -20). What is the greatest common factor of m and 782?
17
Let m = 11 + -4. Let q(s) = -s**3 + 8*s**2 + 7. Let a be q(m). Let j be ((-4)/10)/((-3)/60). Calculate the greatest common divisor of a and j.
8
Suppose 0 = -5*a + 25. Suppose -5*z + 19 = a*q - 26, q = -3. What is the greatest common factor of z and 132?
12
Suppose -2*d = 5*l - 14, -l + 4 = 5*d - 8. Suppose d*q - 46 = -10. Let s = 1 + 1. What is the highest common factor of q and s?
2
Suppose 4*n = -2*v - 26, 2*v + 0*v = 4*n + 6. Let z be 12/42*(-14)/n - -219. What is the greatest common divisor of 20 and z?
20
Let j(h) = 4*h**2 - h - 1. Let v be j(3). Let q be ((-62)/(-6) - 3) + 2/3. Let w be (q/(-10))/((-15)/300). Calculate the greatest common divisor of w and v.
16
Suppose 11*l - 2790 = -843. Suppose 2*u + u - 3*c = l, -3*c + 3 = 0. Let b(r) = 2*r**2 + 5*r - 1. Let w be b(-5). What is the highest common factor of u and w?
12
Suppose b + 4*n - 3 - 18 = 0, -3*b = -3*n - 93. What is the highest common divisor of 928 and b?
29
Let y(h) = 20*h**2 + h - 1. Let o be y(-2). Suppose -11231 = 23*z - 11484. What is the greatest common factor of o and z?
11
Let v = 42 - 40. Suppose -v*g - 11 = -x, 5*x - 2*g - 27 - 20 = 0. What is the greatest common factor of x and 27?
9
Suppose -t - m + 11 = 0, -3*t - 5*m + 20 + 23 = 0. Let d = 431 + -383. Calculate the highest common divisor of t and d.
6
Suppose 3*p + 19 = b - 2*p, -15 = -b + p. Let i(x) = 4*x**2 + x + 9. Let r be i(3). Let w be (-6)/21 - r/(-21). What is the highest common factor of w and b?
2
Suppose -446 = -7*f - 404. Let p = 26 + -2. What is the highest common divisor of p and f?
6
Suppose -6*s + 240 = -3*s. Suppose 0 = -2*i + 7*i - s. Let n be (-5 - (6 - 15))/1. What is the highest common divisor of i and n?
4
Let b(k) = -4*k**3 - 4*k**2 + 12*k. Let g be b(-5). What is the highest common divisor of 272 and g?
68
Let s = 72 - 67. What is the greatest common factor of s and 110?
5
Let n(t) = 2*t**3 - 2*t**2 + t + 16. Let o be n(4). Calculate the greatest common divisor of 58 and o.
58
Let p be (13/(-39))/((-2)/18). Suppose p*k - 28 = -k. Suppose 0 = 5*n - 271 + 26. Calculate the highest common factor of n and k.
7
Suppose 4*q + 0 - 12 = 0. Suppose 19*w - 48 = 16*w. Suppose 4*d - w = q*d. What is the greatest common factor of d and 112?
16
Let x = 5 - 1. Let f(z) = x*z + 6*z + 6*z - 10 - z**2. Let w be f(14). What is the highest common divisor of 6 and w?
6
Let x(z) = -2*z - 12. Let t be 84/8*(-96)/(-28). Suppose 3*k + 25 = -2*s, -5*s + 14 = 3*k + t. Let h be x(k). What is the greatest common divisor of 4 and h?
2
Suppose 0*r - 4*r + 324 = 0. Let d = r + -66. What is the greatest common divisor of d and 25?
5
Let k(j) = j**2 - 12*j - 20. Let v be k(14). Calculate the highest common factor of v and 32.
8
Suppose 0 = 3*m - 5*m + 24. Let y(g) = -g**3 - 14*g**2 + g - 19. Let f be y(-14). Let d = f + 37. Calculate the highest common factor of d and m.
4
Let p = 84 - 81. Suppose p*b + 3*t - 44 + 11 = 0, 4*b + t = 44. Calculate the highest common divisor of b and 121.
11
Suppose 28*v - 29682 = -6*v. What is the greatest common divisor of 9 and v?
9
Let y = 1 - 5. Let z(l) = -2*l**3 - l**2 + 3*l - 5. Let p be z(y). Calculate the highest common factor of 19 and p.
19
Suppose -2*c + 156 = 11*c. Let f(q) = 3*q - 20. Let p be f(c). Calculate the greatest common divisor of 48 and p.
16
Let g = -9 + 12. Suppose 0 = 3*q - 8*q - h + 50, -10 = -q + g*h. What is the greatest common divisor of q and 5?
5
Let l be (-108)/(-14) - (-4)/14. Let h be 18/(-12)*l/(-3). Suppose -2*r + r + 10 = 0. What is the highest common divisor of h and r?
2
Let j(k) = k + 47. Let m = -74 + 92. Let d be j(m).